{"id":265,"date":"2014-03-04T12:22:28","date_gmt":"2014-03-04T12:22:28","guid":{"rendered":"http:\/\/juditmasco.es\/?page_id=265"},"modified":"2014-05-21T13:13:50","modified_gmt":"2014-05-21T13:13:50","slug":"trayectoria","status":"publish","type":"page","link":"https:\/\/juditmasco.es\/ca\/trayectoria\/","title":{"rendered":"Traject\u00f2ria"},"content":{"rendered":"","protected":false},"excerpt":{"rendered":"","protected":false},"author":1,"featured_media":0,"parent":0,"menu_order":0,"comment_status":"open","ping_status":"open","template":"traject.php","meta":[],"yoast_head":"<!-- This site is optimized with the Yoast SEO plugin v20.10 - https:\/\/yoast.com\/wordpress\/plugins\/seo\/ -->\n<title>Traject\u00f2ria - Judit Masc\u00f3<\/title>\n<meta name=\"description\" content=\"Coneix el pressbook editorial, espots de televisi\u00f3, portades de revista, desfilades i treball a TV de Judit Masc\u00f3.\" \/>\n<meta name=\"robots\" content=\"index, follow, max-snippet:-1, max-image-preview:large, max-video-preview:-1\" \/>\n<link rel=\"canonical\" href=\"https:\/\/juditmasco.es\/ca\/trayectoria\/\" \/>\n<meta property=\"og:locale\" content=\"ca_ES\" \/>\n<meta property=\"og:type\" content=\"article\" \/>\n<meta property=\"og:title\" content=\"Traject\u00f2ria - Judit Masc\u00f3\" \/>\n<meta property=\"og:description\" content=\"Coneix el pressbook editorial, espots de televisi\u00f3, portades de revista, desfilades i treball a TV de Judit Masc\u00f3.\" \/>\n<meta property=\"og:url\" content=\"https:\/\/juditmasco.es\/ca\/trayectoria\/\" \/>\n<meta property=\"og:site_name\" content=\"Judit Masc\u00f3\" \/>\n<meta property=\"article:modified_time\" content=\"2014-05-21T13:13:50+00:00\" \/>\n<meta name=\"twitter:card\" content=\"summary_large_image\" \/>\n<script type=\"application\/ld+json\" class=\"yoast-schema-graph\">{\"@context\":\"https:\/\/schema.org\",\"@graph\":[{\"@type\":\"WebPage\",\"@id\":\"https:\/\/juditmasco.es\/ca\/trayectoria\/\",\"url\":\"https:\/\/juditmasco.es\/ca\/trayectoria\/\",\"name\":\"Traject\u00f2ria - Judit Masc\u00f3\",\"isPartOf\":{\"@id\":\"http:\/\/juditmasco.es\/#website\"},\"datePublished\":\"2014-03-04T12:22:28+00:00\",\"dateModified\":\"2014-05-21T13:13:50+00:00\",\"description\":\"Coneix el pressbook editorial, espots de televisi\u00f3, portades de revista, desfilades i treball a TV de Judit Masc\u00f3.\",\"breadcrumb\":{\"@id\":\"https:\/\/juditmasco.es\/ca\/trayectoria\/#breadcrumb\"},\"inLanguage\":\"ca\",\"potentialAction\":[{\"@type\":\"ReadAction\",\"target\":[\"https:\/\/juditmasco.es\/ca\/trayectoria\/\"]}]},{\"@type\":\"BreadcrumbList\",\"@id\":\"https:\/\/juditmasco.es\/ca\/trayectoria\/#breadcrumb\",\"itemListElement\":[{\"@type\":\"ListItem\",\"position\":1,\"name\":\"Portada\",\"item\":\"https:\/\/juditmasco.es\/ca\/\"},{\"@type\":\"ListItem\",\"position\":2,\"name\":\"Traject\u00f2ria\"}]},{\"@type\":\"WebSite\",\"@id\":\"http:\/\/juditmasco.es\/#website\",\"url\":\"http:\/\/juditmasco.es\/\",\"name\":\"Judit Masc\u00f3\",\"description\":\"Modelo\",\"potentialAction\":[{\"@type\":\"SearchAction\",\"target\":{\"@type\":\"EntryPoint\",\"urlTemplate\":\"http:\/\/juditmasco.es\/?s={search_term_string}\"},\"query-input\":\"required name=search_term_string\"}],\"inLanguage\":\"ca\"}]}<\/script>\n<!-- \/ Yoast SEO plugin. -->","yoast_head_json":{"title":"Traject\u00f2ria - Judit Masc\u00f3","description":"Coneix el pressbook editorial, espots de televisi\u00f3, portades de revista, desfilades i treball a TV de Judit Masc\u00f3.","robots":{"index":"index","follow":"follow","max-snippet":"max-snippet:-1","max-image-preview":"max-image-preview:large","max-video-preview":"max-video-preview:-1"},"canonical":"https:\/\/juditmasco.es\/ca\/trayectoria\/","og_locale":"ca_ES","og_type":"article","og_title":"Traject\u00f2ria - Judit Masc\u00f3","og_description":"Coneix el pressbook editorial, espots de televisi\u00f3, portades de revista, desfilades i treball a TV de Judit Masc\u00f3.","og_url":"https:\/\/juditmasco.es\/ca\/trayectoria\/","og_site_name":"Judit Masc\u00f3","article_modified_time":"2014-05-21T13:13:50+00:00","twitter_card":"summary_large_image","schema":{"@context":"https:\/\/schema.org","@graph":[{"@type":"WebPage","@id":"https:\/\/juditmasco.es\/ca\/trayectoria\/","url":"https:\/\/juditmasco.es\/ca\/trayectoria\/","name":"Traject\u00f2ria - Judit Masc\u00f3","isPartOf":{"@id":"http:\/\/juditmasco.es\/#website"},"datePublished":"2014-03-04T12:22:28+00:00","dateModified":"2014-05-21T13:13:50+00:00","description":"Coneix el pressbook editorial, espots de televisi\u00f3, portades de revista, desfilades i treball a TV de Judit Masc\u00f3.","breadcrumb":{"@id":"https:\/\/juditmasco.es\/ca\/trayectoria\/#breadcrumb"},"inLanguage":"ca","potentialAction":[{"@type":"ReadAction","target":["https:\/\/juditmasco.es\/ca\/trayectoria\/"]}]},{"@type":"BreadcrumbList","@id":"https:\/\/juditmasco.es\/ca\/trayectoria\/#breadcrumb","itemListElement":[{"@type":"ListItem","position":1,"name":"Portada","item":"https:\/\/juditmasco.es\/ca\/"},{"@type":"ListItem","position":2,"name":"Traject\u00f2ria"}]},{"@type":"WebSite","@id":"http:\/\/juditmasco.es\/#website","url":"http:\/\/juditmasco.es\/","name":"Judit Masc\u00f3","description":"Modelo","potentialAction":[{"@type":"SearchAction","target":{"@type":"EntryPoint","urlTemplate":"http:\/\/juditmasco.es\/?s={search_term_string}"},"query-input":"required name=search_term_string"}],"inLanguage":"ca"}]}},"_links":{"self":[{"href":"https:\/\/juditmasco.es\/ca\/wp-json\/wp\/v2\/pages\/265"}],"collection":[{"href":"https:\/\/juditmasco.es\/ca\/wp-json\/wp\/v2\/pages"}],"about":[{"href":"https:\/\/juditmasco.es\/ca\/wp-json\/wp\/v2\/types\/page"}],"author":[{"embeddable":true,"href":"https:\/\/juditmasco.es\/ca\/wp-json\/wp\/v2\/users\/1"}],"replies":[{"embeddable":true,"href":"https:\/\/juditmasco.es\/ca\/wp-json\/wp\/v2\/comments?post=265"}],"version-history":[{"count":2,"href":"https:\/\/juditmasco.es\/ca\/wp-json\/wp\/v2\/pages\/265\/revisions"}],"predecessor-version":[{"id":334,"href":"https:\/\/juditmasco.es\/ca\/wp-json\/wp\/v2\/pages\/265\/revisions\/334"}],"wp:attachment":[{"href":"https:\/\/juditmasco.es\/ca\/wp-json\/wp\/v2\/media?parent=265"}],"curies":[{"name":"wp","href":"https:\/\/api.w.org\/{rel}","templated":true}]}}

Trajectòria

<!-- This site is optimized with the Yoast SEO plugin v20.10 - https://yoast.com/wordpress/plugins/seo/ -->
<title>Trajectòria - Judit Mascó</title>
<meta name="description" content="Coneix el pressbook editorial, espots de televisió, portades de revista, desfilades i treball a TV de Judit Mascó." />
<meta name="robots" content="index, follow, max-snippet:-1, max-image-preview:large, max-video-preview:-1" />
<link rel="canonical" href="https://juditmasco.es/ca/trayectoria/" />
<meta property="og:locale" content="ca_ES" />
<meta property="og:type" content="article" />
<meta property="og:title" content="Trajectòria - Judit Mascó" />
<meta property="og:description" content="Coneix el pressbook editorial, espots de televisió, portades de revista, desfilades i treball a TV de Judit Mascó." />
<meta property="og:url" content="https://juditmasco.es/ca/trayectoria/" />
<meta property="og:site_name" content="Judit Mascó" />
<meta property="article:modified_time" content="2014-05-21T13:13:50+00:00" />
<meta name="twitter:card" content="summary_large_image" />
<script type="application/ld+json" class="yoast-schema-graph">{"@context":"https://schema.org","@graph":[{"@type":"WebPage","@id":"https://juditmasco.es/ca/trayectoria/","url":"https://juditmasco.es/ca/trayectoria/","name":"Trajectòria - Judit Mascó","isPartOf":{"@id":"http://juditmasco.es/#website"},"datePublished":"2014-03-04T12:22:28+00:00","dateModified":"2014-05-21T13:13:50+00:00","description":"Coneix el pressbook editorial, espots de televisió, portades de revista, desfilades i treball a TV de Judit Mascó.","breadcrumb":{"@id":"https://juditmasco.es/ca/trayectoria/#breadcrumb"},"inLanguage":"ca","potentialAction":[{"@type":"ReadAction","target":["https://juditmasco.es/ca/trayectoria/"]}]},{"@type":"BreadcrumbList","@id":"https://juditmasco.es/ca/trayectoria/#breadcrumb","itemListElement":[{"@type":"ListItem","position":1,"name":"Portada","item":"https://juditmasco.es/ca/"},{"@type":"ListItem","position":2,"name":"Trajectòria"}]},{"@type":"WebSite","@id":"http://juditmasco.es/#website","url":"http://juditmasco.es/","name":"Judit Mascó","description":"Modelo","potentialAction":[{"@type":"SearchAction","target":{"@type":"EntryPoint","urlTemplate":"http://juditmasco.es/?s={search_term_string}"},"query-input":"required name=search_term_string"}],"inLanguage":"ca"}]}</script>
<!-- / Yoast SEO plugin. -->

Trajectòria - Judit Mascó

Coneix el pressbook editorial, espots de televisió, portades de revista, desfilades i treball a TV de Judit Mascó.

Judit Mascó
